3 - (3 - 7)) + 2
-7
What is the value of (-3 - 2) + 7 - (6 - 0)?
-4
(-2 - (0 + 5)) + 3
-4
What is 34 + -31 + (1 - 6)?
-2
What is 0 + 1 - (0 - 1)?
2
3 - (-6 + (6 - 2) + 0)
5
Calculate 2 - (-8 + 7 - (2 - 3)).
2
Calculate -12 + 15 + 6 + -5.
4
Calculate 15 + -16 + (10 - (0 - -4)).
5
What is -31 - -35 - (0 + 1)?
3
Evaluate (-6 - (-3 + 2)) + (12 - 6).
1
What is (-5 - -3 - 1) + (11 - 5)?
3
What is 34 - 31 - (-1 - 2 - -9)?
-3
Calculate 0 - (-4 - (0 - (-1 - -1))).
4
What is the value of -8 + 1 + 9 - -6?
8
Calculate 0 + (0 - 1 - (-1 + -5)).
5
-12 - (11 + -20 + 2)
-5
Calculate (-7 - -3 - 0) + 5.
1
Evaluate (13 - (10 - 5)) + 1 + -6.
3
What is 8 - (8 - (5 - 8))?
-3
What is -1 + (12 - (-4 + 8)) - 3?
4
Calculate 95 + -102 + -1 + 14.
6
What is the value of (0 - 4) + -134 + 144?
6
What is 4 + -7 - (6 + 6 + -9)?
-6
What is the value of (-21 + 3 - -10) + 17?
9
Calculate 10 + -10 + (0 - -1).
1
What is (4 - (-1 - -10)) + (3 - 1)?
-3
What is the value of -4 - (1 - (3 + -5) - 12)?
5
What is -7 + 1 + 69 + -66?
-3
What is 2 + -3 - -1 - (8 + -8)?
0
Calculate (-4 - (0 + -6)) + 12 + -10.
4
2 + 3 - 2 - (7 + -4)
0
What is -2 + 4 + -4 + 0?
-2
What is (-3 - (6 + -8)) + 5?
4
Evaluate -1 + (0 - (1 + -2) - -2).
2
Calculate (7 - (-12 - -3) - 5) + -6.
5
What is 2 + 28 - 17 - (1 + 2)?
10
What is the value of -1 + 4 - (-11 - -9) - 0?
5
Evaluate -1 - -1 - 3 - -7.
4
What is the value of (12 + -6 - 11 - 4) + 5?
-4
Evaluate -1 + 0 - (11 + -8) - -3.
-1
9 - (2 + (-2 + 5 - 1))
5
Calculate 5 + (4 - 7) + (1 - 2).
1
Evaluate (27 - (-16 - -27)) + (-7 - 1).
8
Evaluate 3 + 7 + (-3 - 8).
-1
Evaluate -3 - (3 + -3 - 0) - 1.
-4
-8 - ((-4 - (-3 - 1)) + -4)
-4
Calculate 4 - (4 + -4 + 4).
0
Calculate (-1 - ((-4 - 3) + 4)) + 1.
3
What is -37 - -30 - (-5 - -1)?
-3
Evaluate -2 + -7 + 6 + -2.
-5
14 + -12 + (1 - 2)
1
What is the value of -6 + (6 + -2 - (-12 - -5))?
5
Calculate (-58 - -48) + 0 + 16.
6
7 - 8 - (1 - -3)
-5
What is -4 + 7 + 1 + 1?
5
-4 + 11 - (-2 - -9)
0
Calculate 12 + -14 + (1 - -3 - -3).
5
Evaluate 40 + -44 - (2 - 5).
-1
What is the value of 2 + -8 + -4 - -8?
-2
What is -2 - -15 - -4 - 12?
5
Evaluate -2 + ((-14 - -8) + -1 - -4).
-5
What is -2 + (2 - (1 - (-5 - -2)))?
-4
What is the value of -21 - -20 - (2 - 5)?
2
What is the value of 1 - 1 - 2 - (161 - 167)?
4
28 + -10 + -13 + -15
-10
What is the value of 4 - 0 - (7 - (6 + -8))?
-5
What is the value of 49 + -45 - (3 + -8)?
9
Evaluate -2 + (-6 - -3) + -1 + 2.
-4
17 - 24 - (-2 + (-2 - -1))
-4
What is -4 + 2 + -6 + 2 - -4?
-2
What is the value of 12 + -26 - (-4 + -5)?
-5
-10 + 4 + 5 + 1
0
What is 4 - ((-6 - (4 - 6)) + 3)?
5
Evaluate 5 - (-5 + 18 + -8).
0
What is -2 - -8 - (13 + -12)?
5
-5 - (-3 + -3) - -5 - 9
-3
1 - ((2 - (2 + 4)) + 6)
-1
What is 18 - 13 - (9 - 0)?
-4
Evaluate -1 + 0 - (-8 + (-15 - -22)).
0
Evaluate -77 - -71 - (-5 + 0) - 1.
-2
What is 4 + (4 - 9) + 1 + -5?
-5
What is 5 + 13 + (4 - 7) + -5?
10
5 - (2 + 3 - 8)
8
0 + 6 - 2 - 8
-4
What is the value of -8 - (-2 + 6 - 2)?
-10
Evaluate -1 + -3 + (6 - 5).
-3
What is the value of 6 - (6 - 0) - 4?
-4
Calculate (-3 - (-2 + 0)) + -2.
-3
Calculate -5 + (6 - (11 - 5)).
-5
Calculate -3 + (-1 + -2 - -4) + 3.
1
Calculate 3 - (3 + (3 - 8 - -1)).
4
5 + -4 + 0 + -1 + 1
1
What is the value of 4 + -4 + 2 - 7?
-5
What is the value of 1 - 6 - (-5 + 3 - -1)?
-4
Calculate 5 + (9 - 11) + (1 - 1).
3
What is -6 + 11 + -4 + 3?
4
What is the value of 4 - (0 + 3 + (-13 - -11))?
3
Evaluate -2 + 8 + -3 + -1 + -1.
1
Evaluate (12 - 9) + 2 + -7.
-2
Calculate (-3 - (0 - 8)) + 0 + -7.
-2
(1 + 1 - 10) + (-10 - -15)
-3
Evaluate -2 - 2 - (7 - (2 - -4)).
-5
What is -3 + (2 - 8) - -3?
-6
What is the value of 3 + (10 - (-10 - -18))?
5
Calculate (0 - -2) + -1 - (5 - 4).
0
What is the value of (4 - 8) + -10 + 21?
7
Evaluate -3 + 9 + (5 - 9).
2
What is the value of (-5 - -8) + 1 + 0?
4
Calculate 1 - 0 - (-3 + 2 + 1).
1
Evaluate 6 - (4 + 1) - (0 + 5).
-4
Calculate -12 + 14 + 0 + -4.
-2
Calculate -9 + 4 + -1 - -2.
-4
What is (26 - 38) + 6 + 0 + 11?
5
Calculate (-4 - (10 + -13)) + 9.
8
Evaluate -8 - (-6 - -15 - (8 + 1)).
-8
Evaluate 6 - (-5 + 4 - -2).
5
Evaluate 2 - 1 - (-11 + 9).
3
Calculate (-1 + 6 - (2 + 0)) + 1.
4
Evaluate 2 + 5 - (1 - -6).
0
Calculate 4 + -6 + 2 + 4 + 3.
7
What is the value of -3 + 6 + (-4 - 2)?
-3
What is (7 - 0) + 2 + -4 + 0?
5
-12 + 16 - (1 - 4)
7
2 + 14 + (-10 - 1)
5
-8 - (-1 + -2 + (-3 - -2))
-4
What is -8 - (-21 + 8 + 7)?
-2
What is (4 - (2 + 1)) + (1 - 1)?
1
Evaluate (-2 - 3) + (3 - 5) + 3.
-4
What is 7 + -8 + 5 + -9?
-5
4 - (-4 + -11 - -11)
8
7 - (-5 + 3 + -5 + 9)
5
-5 + (1 + 0 - -9)
5
Calculate 4 - (9 + (5 - 5) - 5).
0
What is -5 - (-5 - -6) - 1?
-7
What is the value of (-1 - 0) + (20 - (26 - -1))?
-8
What is the value of 3 + (-3 - 1) + 7?
6
Evaluate 4 + (7 - (11 - 3)).
3
-5 + 3 + -1 + -24 + 34
7
-1 + -22 - (-12 + 0)
-11
7 + -4 - (9 - 3) - -1
-2
What is the value of 5 - (1 + -4) - (4 + 1)?
3
Calculate 3 + (-27 + 30 - (10 + 0)).
-4
Calculate -6 + -1 - (-6 - (-10 + 12)).
1
What is -9 - (-2 + -9) - (-3 + 2)?
3
What is the value of 1 - -2 - 1 - -2?
4
Calculate 10 - 1 - 8 - -1.
2
Evaluate (15 + -6 - 19) + 1 + 2.
-7
What is 4 + 10 + -15 - (-1 + -8)?
8
What is the value of (4 - -1 - (35 - 30)) + 5?
5
-4 + 8 + 4 + -14
-6
What is (-1 + -3 - (2 - 5)) + -1?
-2
What is -11 + (0 - (6 - 26))?
9
What is (-13 - -8) + 11 - 10?
-4
What is the value of 2 - (3 - (-1 + 4))?
2
What is -5 - (15 - 12) - -5?
-3
Calculate -7 - -5 - 3 - -8.
3
What is (5 - 13) + 6 - (3 - 1)?
-4
-10 - (-3 + 1) - -3 - -3
-2
Evaluate 6 - (4 - (5 + -3)).
4
-2 + 4 - (-2 - (-5 + -7))
-8
Evaluate -1 - 2 - (-5 - (-3 + 5)).
4
What is -1 + 2 + -5 + 3 - 4?
-5
Calculate (34 - 35) + -3 + (-1 - -1).
-4
4 - (-4 + 1 - (-1 + -1))
5
What is the value of -1 + (-5 - 2) + 6?
-2
What is the value of -3 + 4 + -2 - 2?
-3
Evaluate 48 + -55 + 1 + 6.
0
What is (-4 + 4 - (2 + -1)) + -2?
-3
What is the value of (1 - 1) + (0 - 1)?
-1
-13 - (-1 + (-9 - -2))
-5
What is -3 + (4 - -1) + 8 + -13?
-3
What is the value of 5 + (-1 - (-1 - -5)) + 4?
4
What is the value of -3 + 6 + (-9 - -1)?
-5
What is 6 + (5 - 6 - 0)?
5
Evaluate -8 + 11 - 10 - 0.
-7
Evaluate -10 + (4 - 2) + 6.
-2
Calculate -7 - (-10 - -2) - 7.
-6
What is the value of -1 + 6 + (-3 - -3)?
5
What is 10 + -12 + (1 - -1) + 2?
2
-3 + -4 + (10 - 2) + -9
-8
11 + -4 + -4 + 0
3
What is (-2 - 7) + 16 + -5?
2
(4 + -5 - 2 - 1) + 6
2
What is the value of 5 + (-9 - 2) - -5?
-1
Calculate 1 + 2 - (78 + -81).
6
What is -8 + 2 - (2 - (7 + -2))?
-3
(8 - (-1 + -7 + 8)) + -2
6
What is (0 - 3) + 9 + -10?
-4
What is the value of 5 + -1 + -6 - 0?
-2
4 + 0 + 1 + -2 + 1
4
Evaluate (-4 - -16 - 9) + (1 - -1).
5
Calculate 19 + -8 - (12 + -1).
0
What is -2 + -3 - (0 - 0 - 4)?
-1
2 + (-5 - (-10 + 2))
5
Calculate (-2 - 8) + 10 + 0 + -1.
-1
What is the value of 4 + (-3 - 0) + -6?
-5
3 + 0 + -2 - 0
1
Evaluate 3 + -15 - (0 - 5).
-7
-1 - -4 - (1 - 8 - -14)
-4
Calculate 7 + -2 + 14 + -18 + 3.
4
What is (1 - 3) + 3 + (-14 - -7)?
-6
What is 0 + 1 - (-9 + 15)?
-5
-5 - (8 - (7 + 9))
3
What is the value of -9 + (-8 - -8) + 8?
-1
What is -2 + -1 + 8 + -3?
2
Calculate (7 - (-10 - -9)) + (-8 - -3).
3
What is the value of -12 - (-16 + -13 + 9)?
8
Calculate (-2 - 0) + 4 - 1.
1
Calculate -2 + (2 - (4 + (1 - 0))).
-5
What is the value of 12 + (3 - 6) + (16 - 20)?
5
Calculate 2 + -6 - ((7 - 10) + -6).
5
What is the value of (7 - -1) + (5 - 3 - 6)?
4
What is the value of 0 + 1 + -4 - (14 - 14)?
-3
Evaluate -2 + (9 - 6) + 0.
1
What is the value of 2 + 2 + -2 + -5?
-3
Calculate -5 - (13 + (-9 - 2)).
-7
What is the value of 2 + 6 + -11 + 3?
0
What is the value of 3 - (-3 + (-3 + 2 - -5))?
2
Evaluate (0 - (3 - 0)) + (67 - 62).
2
(2 - (-7 + 2)) + -7 - -4
4
Evaluate (0 - 10) + 3 - -9.
2
Evaluate -4 - -1 - 0 - -4.
1
What is (0 - -7 - (0 + 2)) + 0?
5
-1 + 9 + (-1 - 3)
4
What is the value of 3 + -8 + 5 + -1?
-1
What is -2 + 5 - (-6 - -10) - -4?
3
Calculate 0 + 12 + 13 + -20.
5
Calculate (-1 + -2 - -5) + -4 - -2.
0
What is the value of 0 - 1 - -1 - (-40 - -35)?
5
Evaluate 1 + -1 + 4 - (-17 - -17).
4
Calculate 4 - (1 + 1) - 2.
0
Evaluate (-2 + 7 - 4) + 2 + -3.
0
1 - (-2 + 0 - (-1 - -2))
4
What is the value of (0 + -2 - 0 - -6) + -5?
-1
Evaluate 2 - -3 - 1 - 6.
-2
What is (1 + 2 - 6) + (3 - 0)?
0
What is -13 + (9 - 9 - -5 - 0)?
-8
What is the value of -23 + 11 + (1 - -